2, 2672567
List the prime factors of 3258262.
2, 7, 211, 1103
List the prime factors of 2283638.
2, 7, 163117
List the prime factors of 915579.
3, 7, 14533
List the prime factors of 2298427.
2298427
List the prime factors of 1083568.
2, 67723
What are the prime factors of 119655?
3, 5, 2659
What are the prime factors of 2745331?
151, 18181
What are the prime factors of 1084441?
109, 9949
List the prime factors of 13117375.
5, 101, 1039
List the prime factors of 3686146.
2, 41, 44953
What are the prime factors of 6092684?
2, 13, 117167
What are the prime factors of 27588761?
27588761
What are the prime factors of 255814?
2, 13, 9839
What are the prime factors of 1166139?
3, 13, 9967
What are the prime factors of 9018561?
3, 79, 38053
List the prime factors of 8416637.
8416637
List the prime factors of 203257.
439, 463
What are the prime factors of 2673343?
2673343
List the prime factors of 754298.
2, 131, 2879
What are the prime factors of 942363?
3, 104707
List the prime factors of 3053965.
5, 17, 19, 31, 61
List the prime factors of 11685847.
1399, 8353
List the prime factors of 213019.
213019
What are the prime factors of 4683920?
2, 5, 58549
What are the prime factors of 846502?
2, 423251
What are the prime factors of 1541388?
2, 3, 128449
What are the prime factors of 592022?
2, 296011
What are the prime factors of 2264276?
2, 7, 193, 419
List the prime factors of 224681.
83, 2707
What are the prime factors of 20665441?
20665441
List the prime factors of 16133638.
2, 659, 12241
What are the prime factors of 2438268?
2, 3, 7, 29027
What are the prime factors of 21668199?
3, 7, 37, 79, 353
What are the prime factors of 540263?
59, 9157
What are the prime factors of 28457?
11, 13, 199
List the prime factors of 31235892.
2, 3, 193, 13487
List the prime factors of 56604.
2, 3, 53, 89
What are the prime factors of 268279?
11, 29
List the prime factors of 2015150.
2, 5, 41, 983
What are the prime factors of 80508?
2, 3, 6709
What are the prime factors of 712032?
2, 3, 7417
What are the prime factors of 4203555?
3, 5, 71, 3947
List the prime factors of 12471157.
1619, 7703
List the prime factors of 87429.
3, 151, 193
List the prime factors of 763526.
2, 479, 797
What are the prime factors of 795268?
2, 198817
What are the prime factors of 1006695?
3, 5, 7457
What are the prime factors of 700830?
2, 3, 5, 13, 599
What are the prime factors of 15628275?
3, 5, 13, 137
List the prime factors of 2356337.
29, 193, 421
What are the prime factors of 156961?
7, 17, 1319
List the prime factors of 1155160.
2, 5, 28879
What are the prime factors of 1195127?
1195127
What are the prime factors of 15524481?
3, 7, 467, 1583
List the prime factors of 696191.
743, 937
List the prime factors of 256103.
47, 5449
List the prime factors of 1418688.
2, 3, 821
What are the prime factors of 9504202?
2, 71, 66931
List the prime factors of 21874010.
2, 5, 107, 20443
What are the prime factors of 12130573?
7, 13, 133303
What are the prime factors of 21529886?
2, 7, 23, 66863
List the prime factors of 335834.
2, 167917
What are the prime factors of 6368860?
2, 5, 318443
What are the prime factors of 535306?
2, 19, 14087
What are the prime factors of 4533099?
3, 31, 79, 617
What are the prime factors of 32148?
2, 3, 19, 47
What are the prime factors of 482536?
2, 60317
List the prime factors of 7092925.
5, 7, 40531
What are the prime factors of 106457?
13, 19, 431
What are the prime factors of 1133980?
2, 5, 31, 59
What are the prime factors of 2154676?
2, 19, 28351
List the prime factors of 19841139.
3, 37, 19861
List the prime factors of 2970184.
2, 7, 7577
List the prime factors of 31250631.
3, 929, 11213
List the prime factors of 43837.
59, 743
What are the prime factors of 228770?
2, 5, 22877
List the prime factors of 1405452.
2, 3, 173, 677
What are the prime factors of 1228573?
17, 72269
What are the prime factors of 493890?
2, 3, 5, 101, 163
List the prime factors of 6853502.
2, 373, 9187
List the prime factors of 111249.
3, 47, 263
List the prime factors of 1752399.
3, 11, 31, 571
What are the prime factors of 237404?
2, 59351
What are the prime factors of 106238?
2, 11, 439
What are the prime factors of 1038055?
5, 29, 7159
What are the prime factors of 2062899?
3, 17, 97, 139
List the prime factors of 508589.
17, 29917
What are the prime factors of 267705?
3, 5, 661
List the prime factors of 1417106.
2, 233, 3041
What are the prime factors of 19794047?
7, 13, 217517
What are the prime factors of 888376?
2, 293, 379
List the prime factors of 39119655.
3, 5, 59, 44203
What are the prime factors of 9826112?
2, 153533
What are the prime factors of 2054486?
2, 7, 146749
List the prime factors of 12394184.
2, 11, 127, 1109
List the prime factors of 20407232.
2, 318863
What are the prime factors of 1587130?
2, 5, 43, 3691
What are the prime factors of 172293?
3, 11, 23, 227
List the prime factors of 6023721.
3, 11, 182537
List the prime factors of 1557455.
5, 17, 73, 251
What are the prime factors of 1614934?
2, 251, 3217
What are the prime factors of 2754410?
2, 5, 53, 5197
What are the prime factors of 28818428?
2, 43, 131, 1279
List the prime factors of 3885881.
31, 103, 1217
What are the prime factors of 256080?
2, 3, 5, 11, 97
What are the prime factors of 679422?
2, 3, 17, 6661
What are the prime factors of 113210?
2, 5, 11321
List the prime factors of 948734.
2, 293, 1619
List the prime factors of 432441.
3, 48049
What are the prime factors of 691678?
2, 13, 37, 719
List the prime factors of 2255783.
2255783
What are the prime factors of 6515141?
23, 283267
What are the prime factors of 2007241?
17, 71, 1663
What are the prime factors of 70755?
3, 5, 53, 89
List the prime factors of 3037827.
3, 13, 77893
What are the prime factors of 1350530?
2, 5, 29, 4657
What are the prime factors of 1210350?
2, 3, 5, 8069
List the prime factors of 642777.
3, 214259
What are the prime factors of 3130881?
3, 13, 80279
List the prime factors of 8979071.
8979071
List the prime factors of 136784.
2, 83, 103
List the prime factors of 2369453.
2369453
What are the prime factors of 11031279?
3, 7, 525299
List the prime factors of 4769015.
5, 431, 2213
List the prime factors of 13300824.
2, 3, 383, 1447
List the prime factors of 231977.
229, 1013
List the prime factors of 1671125.
5, 29, 461
What are the prime factors of 436722?
2, 3, 11, 13, 509
What are the prime factors of 65389?
23, 2843
List the prime factors of 2505517.
7, 51133
What are the prime factors of 22654254?
2, 3, 7, 71, 107
List the prime factors of 244915.
5, 11, 61, 73
What are the prime factors of 209754?
2, 3, 43, 271
What are the prime factors of 188382?
2, 3, 31397
List the prime factors of 15395418.
2, 3, 23, 41, 907
List the prime factors of 221600.
2, 5, 277
What are the prime factors of 167939?
29, 5791
List the prime factors of 1289665.
5, 13, 19841
List the prime factors of 4495988.
2, 7, 211, 761
List the prime factors of 1491582.
2, 3, 248597
List the prime factors of 1039764.
2, 3, 11, 7877
List the prime factors of 9363667.
1511, 6197
List the prime factors of 620079.
3, 139, 1487
List the prime factors of 188914.
2, 11, 31, 277
List the prime factors of 602005.
5, 120401
List the prime factors of 533038.
2, 11, 24229
What are the prime factors of 13211891?
7, 11, 171583
What are the prime factors of 262947?
3, 87649
List the prime factors of 376128.
2, 3, 653
List the prime factors of 725545.
5, 145109
What are the prime factors of 229515?
3, 5, 11, 13, 107
List the prime factors of 796181.
796181
List the prime factors of 339110.
2, 5, 33911
List the prime factors of 1280299.
631, 2029
What are the prime factors of 275459?
275459
List the prime factors of 1232887.
379, 3253
What are the prime factors of 135763?
127, 1069
List the prime factors of 21240280.
2, 5, 43, 53, 233
What are the prime factors of 56689?
83, 683
List the prime factors of 604656.
2, 3, 13, 17, 19
List the prime factors of 20371215.
3, 5, 23, 137, 431
What are the prime factors of 594724?
2, 13, 11437
List the prime factors of 3858090.
2, 3, 5, 128603
List the prime factors of 1756913.
1756913
What are the prime factors of 42861?
3, 7, 13, 157
List the prime factors of 9342176.
2, 29, 10067
List the prime factors of 18408369.
3